{"id":8482,"date":"2024-07-05T00:09:50","date_gmt":"2024-07-04T22:09:50","guid":{"rendered":"https:\/\/www.atpoiano.it\/?page_id=8482"},"modified":"2024-09-06T19:36:38","modified_gmt":"2024-09-06T17:36:38","slug":"scuola-tennis-2024-2025","status":"publish","type":"page","link":"https:\/\/www.atpoiano.it\/wordpress\/scuola-tennis-2024-2025\/","title":{"rendered":"Scuola Tennis 2024-2025"},"content":{"rendered":"<p><strong><span style=\"color: #ff0000;\">ASSOCIAZIONE TENNIS POIANO &#8211; SCUOLA TENNIS<\/span> <\/strong><br \/>\nAccreditata CLUB SCHOOL &#8211; Federazione Italiana Tennis e Padel<\/p>\n<p>organizza una Scuola Addestramento Tennis rivolta a <strong>ragazzi\/e dai 6 ai 18 anni<\/strong> e coordinata dal <strong>Maestro Nazionale Alberto Falchi<\/strong><\/p>\n<p><strong>IL PERIODO<\/strong><\/p>\n<p>Inizio LUNED\u00cc 30 SETTEMBRE 2024<br \/>\nTermine VENERD\u00cc 23 MAGGIO 2025<\/p>\n<p align=\"justify\">Nel periodo natalizio e pasquale \u00e8 prevista una pausa.<br \/>\nLe lezioni si svolgeranno nelle fasce orarie pomeridiane con frequenza di UNA, DUE o TRE volte a settimana. I gruppi di ragazzi saranno composti di un minimo di 3 a massimo di 6 atleti.<br \/>\nIl maestro Falchi si avvarr\u00e0, ove necessario, di un collaboratore per lo svolgimento della Scuola Tennis accreditata <strong>Club School<\/strong> dalla Federazione Italiana Tennis e Padel.<br \/>\nLe lezioni non effettuate &#8211; ad esempio, per cause di forza maggiore, impedimenti di maestro e\/o collaboratore, esigenze dell&#8217;Associazione &#8211; verranno recuperate nella settimana successiva alla fine del corso (maggio 2025).<\/p>\n<p><strong>IL CERTIFICATO MEDICO<\/strong><br \/>\n\u00c8 obbligatorio essere in possesso di certificato medico in corso di validit\u00e0 (per attivit\u00e0 non agonistica) da consegnare al Maestro o in segreteria.<br \/>\n<strong>In mancanza del certificato non sar\u00e0 possibile giocare.<\/strong><\/p>\n<p><strong>LE ISCRIZIONI<\/strong><br \/>\nLe iscrizioni vanno fatte ESCLUSIVAMENTE sul sito:<\/p>\n<p><a href=\"https:\/\/www.atpoiano.it\/iscrizione-scuola-tennis-2024-2025\/\">https:\/\/www.atpoiano.it\/iscrizione-scuola-tennis-2024-2025\/<\/a><\/p>\n<p><strong>I COSTI<\/strong><\/p>\n<p>Il costo per l&#8217;iscrizione alla Scuola Addestramento Tennis diretta dal Maestro Nazionale Alberto Falchi \u00e8 il seguente:<\/p>\n<p>1 volta\/settimana: \u20ac 410,00<\/p>\n<p>2 volte\/settimana: \u20ac 660,00<\/p>\n<p>3 volte\/settimana: \u20ac 830,00<\/p>\n<p><strong>Costo tessera sociale:<\/strong><br \/>\n&#8211; 25 euro per i nati dal 2006 in poi (Under 18 nel 2024);<br \/>\n&#8211; 40 euro per i nati prima del 2005 incluso (Over 18 nel 2024).<\/p>\n<p><strong>Costo tessera FITP:<\/strong><br \/>\n&#8211; 13 euro per i nati dal 2009 in poi (Under 16 nel 2025);<br \/>\n&#8211; 19 euro per i nati prima del 2008 incluso (Over 16 nel 2025).<\/p>\n<p align=\"justify\"><span style=\"color: #ff0000;\"><strong>LEGGERE CON ATTENZIONE<\/strong><\/span><br \/>\n<strong>Successivamente alla ricezione dell&#8217;iscrizione invieremo via email e via WhatsApp uno schema dettagliato derivante dalla scelta della frequenza e del tipo di pagamento, che includer\u00e0 la personalizzazione del costo della tessera sociale e della tessera FITP.<\/strong><\/p>\n<p>Tutti gli iscritti in regola con la consegna del certificato medico riceveranno un completino (compreso nella quota).<\/p>\n<p><strong>IMPORTANTE:<\/strong> Le iscrizioni vanno fatte ESCLUSIVAMENTE sul sito:<\/p>\n<p><a href=\"https:\/\/www.atpoiano.it\/iscrizione-scuola-tennis-2024-2025\/\">https:\/\/www.atpoiano.it\/iscrizione-scuola-tennis-2024-2025\/<\/a><\/p>\n","protected":false},"excerpt":{"rendered":"<p>ASSOCIAZIONE TENNIS POIANO &#8211; SCUOLA TENNIS Accreditata CLUB SCHOOL &#8211; Federazione Italiana Tennis e Padel organizza una Scuola Addestramento Tennis<\/p>\n<div class='heateorSssClear'><\/div><div style=\"float:right\" class='heateor_sss_sharing_container heateor_sss_horizontal_sharing' data-heateor-sss-href='https:\/\/www.atpoiano.it\/wordpress\/scuola-tennis-2024-2025\/'><div class='heateor_sss_sharing_title' style=\"font-weight:bold\" ><\/div><div class=\"heateor_sss_sharing_ul\"><a style=\"padding:7.35px 0 !important\" class=\"heateor_sss_facebook_share\"><span class=\"heateor_sss_square_count\">&nbsp;<\/span><div class=\"fb-share-button\" data-href=\"https:\/\/www.atpoiano.it\/wordpress\/scuola-tennis-2024-2025\/\" data-layout=\"button_count\"><\/div><\/a><a style=\"padding:7.35px 0 !important\" class=\"heateor_sss_facebook_like\"><span class=\"heateor_sss_square_count\">&nbsp;<\/span><div class=\"fb-like\" data-href=\"https:\/\/www.atpoiano.it\/wordpress\/scuola-tennis-2024-2025\/\" data-layout=\"button_count\" data-action=\"like\" data-show-faces=\"false\" data-share=\"false\"><\/div><\/a><a class=\"heateor_sss_more\" title=\"More\" rel=\"nofollow noopener\" style=\"font-size: 32px!important;border:0;box-shadow:none;display:inline-block!important;font-size:16px;padding:0 4px;vertical-align: middle;display:inline;\" href=\"https:\/\/www.atpoiano.it\/wordpress\/scuola-tennis-2024-2025\/\" onclick=\"event.preventDefault()\"><span class=\"heateor_sss_square_count\">&nbsp;<\/span><span class=\"heateor_sss_svg\" style=\"background-color:#ee8e2d;width:35px;height:35px;border-radius:999px;display:inline-block!important;opacity:1;float:left;font-size:32px!important;box-shadow:none;display:inline-block;font-size:16px;padding:0 4px;vertical-align:middle;display:inline;background-repeat:repeat;overflow:hidden;padding:0;cursor:pointer;box-sizing:content-box;\" onclick=\"heateorSssMoreSharingPopup(this, 'https:\/\/www.atpoiano.it\/wordpress\/scuola-tennis-2024-2025\/', 'Scuola%20Tennis%202024-2025', '' )\"><svg xmlns=\"http:\/\/www.w3.org\/2000\/svg\" xmlns:xlink=\"http:\/\/www.w3.org\/1999\/xlink\" viewBox=\"-.3 0 32 32\" version=\"1.1\" width=\"100%\" height=\"100%\" style=\"display:block;border-radius:999px;\" xml:space=\"preserve\"><g><path fill=\"#fff\" d=\"M18 14V8h-4v6H8v4h6v6h4v-6h6v-4h-6z\" fill-rule=\"evenodd\"><\/path><\/g><\/svg><\/span><\/a><a style=\"font-size:32px!important;box-shadow: none;display: inline-block!important;font-size: 16px;padding: 0 4px;vertical-align: middle;display:inline;\" class=\"heateorSssSharingRound\"><span class=\"heateor_sss_square_count\">&nbsp;<\/span><div style=\"width:35px;height:35px;border-radius:999px;margin-left:9px !important;\" title=\"Total Shares\" class=\"heateorSssSharing heateorSssTCBackground\"><\/div><\/a><\/div><div class=\"heateorSssClear\"><\/div><\/div><div class='heateorSssClear'><\/div>","protected":false},"author":7,"featured_media":0,"parent":0,"menu_order":0,"comment_status":"closed","ping_status":"closed","template":"","meta":[],"yoast_head":"<!-- This site is optimized with the Yoast SEO plugin v18.4.1 - https:\/\/yoast.com\/wordpress\/plugins\/seo\/ -->\n<title>Scuola Tennis 2024-2025 - ASSOCIAZIONE TENNIS POIANO<\/title>\n<meta name=\"robots\" content=\"index, follow, max-snippet:-1, max-image-preview:large, max-video-preview:-1\" \/>\n<link rel=\"canonical\" href=\"https:\/\/www.atpoiano.it\/wordpress\/scuola-tennis-2024-2025\/\" \/>\n<meta property=\"og:locale\" content=\"it_IT\" \/>\n<meta property=\"og:type\" content=\"article\" \/>\n<meta property=\"og:title\" content=\"Scuola Tennis 2024-2025 - ASSOCIAZIONE TENNIS POIANO\" \/>\n<meta property=\"og:description\" content=\"ASSOCIAZIONE TENNIS POIANO &#8211; SCUOLA TENNIS Accreditata CLUB SCHOOL &#8211; Federazione Italiana Tennis e Padel organizza una Scuola Addestramento Tennis\" \/>\n<meta property=\"og:url\" content=\"https:\/\/www.atpoiano.it\/wordpress\/scuola-tennis-2024-2025\/\" \/>\n<meta property=\"og:site_name\" content=\"ASSOCIAZIONE TENNIS POIANO\" \/>\n<meta property=\"article:modified_time\" content=\"2024-09-06T17:36:38+00:00\" \/>\n<meta name=\"twitter:card\" content=\"summary_large_image\" \/>\n<meta name=\"twitter:label1\" content=\"Tempo di lettura stimato\" \/>\n\t<meta name=\"twitter:data1\" content=\"2 minuti\" \/>\n<script type=\"application\/ld+json\" class=\"yoast-schema-graph\">{\"@context\":\"https:\/\/schema.org\",\"@graph\":[{\"@type\":\"WebSite\",\"@id\":\"https:\/\/www.atpoiano.it\/#website\",\"url\":\"https:\/\/www.atpoiano.it\/\",\"name\":\"ASSOCIAZIONE TENNIS POIANO\",\"description\":\"dal 1983 a Verona\",\"potentialAction\":[{\"@type\":\"SearchAction\",\"target\":{\"@type\":\"EntryPoint\",\"urlTemplate\":\"https:\/\/www.atpoiano.it\/?s={search_term_string}\"},\"query-input\":\"required name=search_term_string\"}],\"inLanguage\":\"it-IT\"},{\"@type\":\"WebPage\",\"@id\":\"https:\/\/www.atpoiano.it\/wordpress\/scuola-tennis-2024-2025\/#webpage\",\"url\":\"https:\/\/www.atpoiano.it\/wordpress\/scuola-tennis-2024-2025\/\",\"name\":\"Scuola Tennis 2024-2025 - ASSOCIAZIONE TENNIS POIANO\",\"isPartOf\":{\"@id\":\"https:\/\/www.atpoiano.it\/#website\"},\"datePublished\":\"2024-07-04T22:09:50+00:00\",\"dateModified\":\"2024-09-06T17:36:38+00:00\",\"breadcrumb\":{\"@id\":\"https:\/\/www.atpoiano.it\/wordpress\/scuola-tennis-2024-2025\/#breadcrumb\"},\"inLanguage\":\"it-IT\",\"potentialAction\":[{\"@type\":\"ReadAction\",\"target\":[\"https:\/\/www.atpoiano.it\/wordpress\/scuola-tennis-2024-2025\/\"]}]},{\"@type\":\"BreadcrumbList\",\"@id\":\"https:\/\/www.atpoiano.it\/wordpress\/scuola-tennis-2024-2025\/#breadcrumb\",\"itemListElement\":[{\"@type\":\"ListItem\",\"position\":1,\"name\":\"Home\",\"item\":\"https:\/\/www.atpoiano.it\/wordpress\/\"},{\"@type\":\"ListItem\",\"position\":2,\"name\":\"Scuola Tennis 2024-2025\"}]}]}<\/script>\n<!-- \/ Yoast SEO plugin. -->","yoast_head_json":{"title":"Scuola Tennis 2024-2025 - ASSOCIAZIONE TENNIS POIANO","robots":{"index":"index","follow":"follow","max-snippet":"max-snippet:-1","max-image-preview":"max-image-preview:large","max-video-preview":"max-video-preview:-1"},"canonical":"https:\/\/www.atpoiano.it\/wordpress\/scuola-tennis-2024-2025\/","og_locale":"it_IT","og_type":"article","og_title":"Scuola Tennis 2024-2025 - ASSOCIAZIONE TENNIS POIANO","og_description":"ASSOCIAZIONE TENNIS POIANO &#8211; SCUOLA TENNIS Accreditata CLUB SCHOOL &#8211; Federazione Italiana Tennis e Padel organizza una Scuola Addestramento Tennis","og_url":"https:\/\/www.atpoiano.it\/wordpress\/scuola-tennis-2024-2025\/","og_site_name":"ASSOCIAZIONE TENNIS POIANO","article_modified_time":"2024-09-06T17:36:38+00:00","twitter_card":"summary_large_image","twitter_misc":{"Tempo di lettura stimato":"2 minuti"},"schema":{"@context":"https:\/\/schema.org","@graph":[{"@type":"WebSite","@id":"https:\/\/www.atpoiano.it\/#website","url":"https:\/\/www.atpoiano.it\/","name":"ASSOCIAZIONE TENNIS POIANO","description":"dal 1983 a Verona","potentialAction":[{"@type":"SearchAction","target":{"@type":"EntryPoint","urlTemplate":"https:\/\/www.atpoiano.it\/?s={search_term_string}"},"query-input":"required name=search_term_string"}],"inLanguage":"it-IT"},{"@type":"WebPage","@id":"https:\/\/www.atpoiano.it\/wordpress\/scuola-tennis-2024-2025\/#webpage","url":"https:\/\/www.atpoiano.it\/wordpress\/scuola-tennis-2024-2025\/","name":"Scuola Tennis 2024-2025 - ASSOCIAZIONE TENNIS POIANO","isPartOf":{"@id":"https:\/\/www.atpoiano.it\/#website"},"datePublished":"2024-07-04T22:09:50+00:00","dateModified":"2024-09-06T17:36:38+00:00","breadcrumb":{"@id":"https:\/\/www.atpoiano.it\/wordpress\/scuola-tennis-2024-2025\/#breadcrumb"},"inLanguage":"it-IT","potentialAction":[{"@type":"ReadAction","target":["https:\/\/www.atpoiano.it\/wordpress\/scuola-tennis-2024-2025\/"]}]},{"@type":"BreadcrumbList","@id":"https:\/\/www.atpoiano.it\/wordpress\/scuola-tennis-2024-2025\/#breadcrumb","itemListElement":[{"@type":"ListItem","position":1,"name":"Home","item":"https:\/\/www.atpoiano.it\/wordpress\/"},{"@type":"ListItem","position":2,"name":"Scuola Tennis 2024-2025"}]}]}},"_links":{"self":[{"href":"https:\/\/www.atpoiano.it\/wordpress\/wp-json\/wp\/v2\/pages\/8482"}],"collection":[{"href":"https:\/\/www.atpoiano.it\/wordpress\/wp-json\/wp\/v2\/pages"}],"about":[{"href":"https:\/\/www.atpoiano.it\/wordpress\/wp-json\/wp\/v2\/types\/page"}],"author":[{"embeddable":true,"href":"https:\/\/www.atpoiano.it\/wordpress\/wp-json\/wp\/v2\/users\/7"}],"replies":[{"embeddable":true,"href":"https:\/\/www.atpoiano.it\/wordpress\/wp-json\/wp\/v2\/comments?post=8482"}],"version-history":[{"count":11,"href":"https:\/\/www.atpoiano.it\/wordpress\/wp-json\/wp\/v2\/pages\/8482\/revisions"}],"predecessor-version":[{"id":8717,"href":"https:\/\/www.atpoiano.it\/wordpress\/wp-json\/wp\/v2\/pages\/8482\/revisions\/8717"}],"wp:attachment":[{"href":"https:\/\/www.atpoiano.it\/wordpress\/wp-json\/wp\/v2\/media?parent=8482"}],"curies":[{"name":"wp","href":"https:\/\/api.w.org\/{rel}","templated":true}]}}